{"id":2063,"date":"2023-10-20T11:26:39","date_gmt":"2023-10-20T11:26:39","guid":{"rendered":"https:\/\/remaro.eu\/?page_id=2063"},"modified":"2024-04-06T11:15:40","modified_gmt":"2024-04-06T11:15:40","slug":"international-workshop-on-reliability-engineering-methods-for-autonomous-robots-etaps-2024","status":"publish","type":"page","link":"https:\/\/remaro.eu\/index.php\/international-workshop-on-reliability-engineering-methods-for-autonomous-robots-etaps-2024\/","title":{"rendered":"International Workshop on Reliability Engineering Methods for Autonomous Robots &#8211; REMARO 2024"},"content":{"rendered":"\n<p class=\"has-small-font-size\"><strong>at ETAPS 2024 (<\/strong><a href=\"https:\/\/etaps.org\/\" data-type=\"URL\" data-id=\"https:\/\/etaps.org\/\"><span class=\"has-inline-color has-black-color\">https:\/\/etaps.org\/<\/span><\/a><strong>), 6-11 April, 2023 (one day). Luxembourg City, Luxembourg<\/strong>&nbsp;<\/p>\n\n\n\n<p>The <strong><span style=\"color:#ff5a1a\" class=\"has-inline-color\">goal<\/span><\/strong> of this workshop is to discuss <strong><span style=\"color:#ff5a1a\" class=\"has-inline-color\">challenges in the development of autonomous systems<\/span><\/strong> in open environments (robotics systems), for example in <span style=\"color:#ff5a1a\" class=\"has-inline-color\"><strong>underwater or service robots<\/strong><\/span>.&nbsp; Autonomy is understood broadly and refers to:&nbsp;<\/p>\n\n\n\n<ul id=\"block-29a6891a-ea10-4221-b546-70f5c6a75578\"><li><span style=\"color:#070156\" class=\"has-inline-color\">Mission Planning<\/span> and <span style=\"color:#070156\" class=\"has-inline-color\">decision-making<\/span><\/li><li><span style=\"color:#070156\" class=\"has-inline-color\">Navigation<\/span>, <span style=\"color:#070156\" class=\"has-inline-color\">path planning<\/span>, <span style=\"color:#070156\" class=\"has-inline-color\">control<\/span>&nbsp;<\/li><li><span style=\"color:#070156\" class=\"has-inline-color\">Adaptive control<\/span>, <span style=\"color:#070156\" class=\"has-inline-color\">deep control<\/span>&nbsp;<\/li><li><span style=\"color:#070156\" class=\"has-inline-color\">Learning<\/span>, <span style=\"color:#070156\" class=\"has-inline-color\">Active Learning<\/span>, <span style=\"color:#070156\" class=\"has-inline-color\">Reinforcement Learning&nbsp;<\/span><\/li><li><span style=\"color:#070156\" class=\"has-inline-color\">Perception <\/span>(object recognition, object tracking, pose estimation, localization, mapping)&nbsp;<\/li><li>Etc.&nbsp;<\/li><\/ul>\n\n\n\n<p>The <strong><span style=\"color:#ff5a1a\" class=\"has-inline-color\">focus<\/span><\/strong> of the workshop is to discuss methods that <strong><span style=\"color:#ff5a1a\" class=\"has-inline-color\">support quality assurance<\/span><\/strong> for the above kind of systems, including <span style=\"color:#ff5a1a\" class=\"has-inline-color\"><strong>verification<\/strong>, <strong>specification<\/strong><\/span>, <strong><span style=\"color:#ff5a1a\" class=\"has-inline-color\">testing<\/span><\/strong>, <strong><span style=\"color:#ff5a1a\" class=\"has-inline-color\">test data generation<\/span><\/strong>, etc.&nbsp;<\/p>\n\n\n\n<p>The <strong><span style=\"color:#ff5a1a\" class=\"has-inline-color\">RE<\/span><span style=\"color:#070156\" class=\"has-inline-color\">MA<\/span><\/strong><span style=\"color:#b0aab9\" class=\"has-inline-color\"><strong>RO<\/strong> <\/span>event aims at bringing domain aspects of software development for autonomous robots acting in open environments to the ETAPS community as the domain of interest.<\/p>\n\n\n\n<p><strong><span style=\"color:#ff5a1a\" class=\"has-inline-color\">Important Dates<\/span><\/strong>&nbsp;<\/p>\n\n\n\n<p><span style=\"color:#070156\" class=\"has-inline-color\"><strong>Submission Deadline:<\/strong><\/span> <s>January 23<\/s> February  15<br><strong><span style=\"color:#070156\" class=\"has-inline-color\">Notification for Authors:<\/span><\/strong> March 1<br><strong><span style=\"color:#070156\" class=\"has-inline-color\">Camera ready: <\/span><\/strong>March 15<\/p>\n\n\n\n<p><strong><span style=\"color:#ff5a1a\" class=\"has-inline-color\">Submissions and Proceedings<\/span><\/strong>&nbsp;<\/p>\n\n\n\n<p>The papers will be <strong><span style=\"color:#070156\" class=\"has-inline-color\">peer reviewed<\/span><\/strong>. We will <strong><span style=\"color:#070156\" class=\"has-inline-color\">publish the proceedings on arxiv.org<\/span><\/strong> as a volume of proceedings.&nbsp;&nbsp;<\/p>\n\n\n\n<p>The speakers can decide whether their paper is to be included in the proceedings. Three options are available: <span style=\"color:#070156\" class=\"has-inline-color\"><strong>(1)<\/strong> a full paper for the workshop proceedings, at most 6 pages excluding references,<\/span> <span style=\"color:#070156\" class=\"has-inline-color\"><strong>(2)<\/strong> a 1-page length abstract (excluding references) to be included in the proceedings,<\/span> or <span style=\"color:#070156\" class=\"has-inline-color\"><strong>(3)<\/strong> a talk proposal not to be included in the proceedings.<\/span>&nbsp;<\/p>\n\n\n\n<p><em><span style=\"color:#070156\" class=\"has-inline-color\">Full paper submissions and abstracts<\/span><\/em> should be formatted following the CEURART LaTeX template <a href=\"https:\/\/github.com\/yamadharma\/ceurart\/tree\/master\/tex\/latex\/ceurart\" data-type=\"URL\" data-id=\"https:\/\/github.com\/yamadharma\/ceurart\/tree\/master\/tex\/latex\/ceurart\"><span style=\"color:#ff5a1a\" class=\"has-inline-color\">linked here<\/span><\/a>. <\/p>\n\n\n\n<p><em><span style=\"color:#070156\" class=\"has-inline-color\">The talk proposals (option number 3)<\/span><\/em> can be sent in any format and size.&nbsp; The talk proposals will be assessed for fitness for the workshop, and no written review will be provided for them.<\/p>\n\n\n\n<p>Please, use to following link for submissions: <a href=\"https:\/\/easychair.org\/conferences\/?conf=remaro2024\"><span style=\"color:#ff5a1a\" class=\"has-inline-color\">https:\/\/easychair.org\/conferences\/?conf=remaro2024<\/span><\/a><\/p>\n\n\n\n<p>Please see the registration and travel information in ETAPS website: <a rel=\"noreferrer noopener\" href=\"https:\/\/etaps.org\/\" target=\"_blank\"><span class=\"has-inline-color has-luminous-vivid-orange-color\">https:\/\/etaps.org\/<\/span><\/a><\/p>\n\n\n\n<p><strong><span class=\"has-inline-color has-luminous-vivid-orange-color\">Workshop Program:<\/span> <\/strong>The talks are planned 15 minutes long plus 5 minutes discussion. The location is at the ETAPS main venue Parc Hotel Alvisse, room <strong>Echternach<\/strong><\/p>\n\n\n\n<div class=\"wp-block-group\"><div class=\"wp-block-group__inner-container\">\n<div class=\"wp-block-group has-background\" style=\"background-color:#fbfbfb\"><div class=\"wp-block-group__inner-container\">\n<p><strong>Workshop Opening (8:45-9:00)<\/strong><\/p>\n\n\n\n<p><strong>Session 1 &nbsp;(9:00-10:00 )<\/strong><\/p>\n\n\n\n<p><em>Invited talk: Scenario-Based Engineering of Reliable Cognitive Robots<\/em><br>by Nico&nbsp;Hochgeschwender<\/p>\n\n\n\n<p><strong>coffee break (10:00-10:30)<\/strong><\/p>\n\n\n\n<p><strong>Session 2 &nbsp;(10:30-12:30 )<\/strong><\/p>\n\n\n\n<p><em>Invited talk: Doping Detection in Autonomous Systems<\/em><br>by Mohammad Reza Mousavi<\/p>\n\n\n\n<ul id=\"block-52932586-86b8-448d-b20b-3b0db923a6d2\"><li><em>The interaction of certification and monitoring for perception systems of autonomous systems<\/em><br> <sub>R\u00fcdiger Ehlers<\/sub><\/li><li><em>Combining model-based development and formal verification of a complex ROS2 multi-robots system using Timed Rebeca<\/em><br><sub>Hiep Hong Trinh, Marjan Sirjani, Fereidoun Moradi, Antonio Cicchetti and Federico Ciccozzi<\/sub><\/li><li><em>ROBUST: 221 Bugs in the Robot Operating System<\/em><br><sub>Andrzej Wasowsk<\/sub><\/li><\/ul>\n\n\n\n<p><strong>Lunch (12:30-14:00)<\/strong><\/p>\n\n\n\n<p><strong>Session 3 (14:00-16:00)<\/strong><\/p>\n\n\n\n<p><em>Invited talk: Combinatorial Scenario Generation for Scenario-based Testing of Autonomous Driving Functions<\/em><br>by Ina Schaefer<\/p>\n\n\n\n<ul><li><em>Knowledge Distillation in YOLOX-ViT for Side-Scan Sonar Object Detection<\/em><br><sub>Martin Aubard, L\u00e1szl\u00f3 Antal, Ana Madureira and Erika \u00c1brah\u00e1m<\/sub><\/li><li><em>Adaptive Decision-Making Autonomy in Search and Target Missions by a Swarm of Underwater Drones<\/em><br><sub>Lo\u00efca Avanthey and Uli Fahrenberg<\/sub><\/li><\/ul>\n\n\n\n<ul id=\"block-88d7f9b8-24b5-4d85-bc44-276fb0d041ea\"><li><em>Programming and reasoning about autonomous software with semantic reflection<\/em><br><sup>Einar Broch Johnsen<\/sup><br><\/li><\/ul>\n\n\n\n<p><strong>coffee break (16:00-16:30)<\/strong><\/p>\n\n\n\n<p><strong>Session 4 (16:30-18:00)<\/strong><\/p>\n\n\n\n<ul><li><em>Combining Ontologies and Family-Based Modelling for Formal Analysis of Configurable Robots<\/em><br><sup>Tobias John and Juliane P\u00e4\u00dfler<\/sup><\/li><li><em>Reliable Plan Selection with Quantified Risk-Sensitivity<\/em><br><sub>Mahya Mohammadi Kashani, Tobias John, Jeremy Coffelt, Einar Broch Johnsen and Andrzej Wasowski<\/sub><\/li><li><em>Self-learned Qualitative Models for Flexible and Reliable Autonomous Robots<\/em><br><sub>Jan Lemeire, Ivan Bratko, Marco Van Cleemput, Domen Soberl, Ruben Spolmink and Jure Zabkar<\/sub><br><\/li><\/ul>\n\n\n\n<p><strong>Closing<\/strong><\/p>\n<\/div><\/div>\n<\/div><\/div>\n\n\n\n<p><strong><span style=\"color:#ff5a1a\" class=\"has-inline-color\">Program Committee<\/span><\/strong><\/p>\n\n\n\n<p><strong><span style=\"color:#070156\" class=\"has-inline-color\">Ana Cavalcanti<\/span><\/strong>, <em>University of York<\/em>, United Kingdom&nbsp;<br><strong><span style=\"color:#070156\" class=\"has-inline-color\">Yasser Shoukry<\/span><\/strong>, <em>University of California, Irvine<\/em>, United States&nbsp;<br><strong><span style=\"color:#070156\" class=\"has-inline-color\">Martin Leucker<\/span><\/strong>, <em>University of Luebeck<\/em>, Germany&nbsp;<br><strong><span style=\"color:#070156\" class=\"has-inline-color\">Marie Farrell<\/span><\/strong>, <em>The University of Manchester<\/em>, United Kingdom&nbsp;<br><strong><span style=\"color:#070156\" class=\"has-inline-color\">Bilal Wehbe<\/span><\/strong>, <em>DFKI &#8211; Robotic Innovation Center<\/em>, Germany&nbsp;<br><strong><span style=\"color:#070156\" class=\"has-inline-color\">Mohammad Reza Mousavi<\/span><\/strong>, <em>King&#8217;s College London<\/em>, United Kingdom&nbsp;<br><strong><span style=\"color:#070156\" class=\"has-inline-color\">Leonardo Mariani<\/span><\/strong>, <em>University of Milano Bicocca<\/em>, Italy&nbsp;<br><strong><span style=\"color:#070156\" class=\"has-inline-color\">Panagiotis Katsaros<\/span><\/strong>, <em>Aristotle University of Thessaloniki<\/em>, Greece&nbsp;<br><strong><span style=\"color:#070156\" class=\"has-inline-color\">Andrzej W\u0105sowski<\/span><\/strong>, <em>IT University of Copenhagen<\/em>, Denmark&nbsp;<br><strong><span style=\"color:#070156\" class=\"has-inline-color\">Einar Broch Johnsen<\/span><\/strong>, <em>University of Oslo<\/em>, Norway&nbsp;<\/p>\n\n\n\n<p><strong><span style=\"color:#ff5a1a\" class=\"has-inline-color\">Program Committee Chairs<\/span><\/strong><\/p>\n\n\n\n<p><strong><span style=\"color:#070156\" class=\"has-inline-color\">Mahsa Varshosaz<\/span><\/strong>, <em>IT University of Copenhagen<\/em>, Denmark&nbsp;<br><strong><span style=\"color:#070156\" class=\"has-inline-color\">Jeremy Coffelt<\/span><\/strong>, <em>University of Bremen<\/em> and <em>ROSEN Research and Technology<\/em>, Germany&nbsp;<\/p>\n\n\n\n<p><\/p>\n\n\n\n<p><span class=\"has-inline-color has-luminous-vivid-orange-color\"><strong>Invited Speakers<\/strong>&nbsp;<\/span><\/p>\n\n\n\n<div class=\"wp-block-image\"><figure class=\"alignleft size-large is-resized\"><img loading=\"lazy\" src=\"https:\/\/remaro.eu\/wp-content\/uploads\/2024\/01\/Ina.png\" alt=\"\" class=\"wp-image-2117\" width=\"154\" height=\"136\"\/><\/figure><\/div>\n\n\n\n<p><strong>Ina&nbsp;Schaefer<\/strong> is Professor of Software Engineering at the Karlsruhe Institute of Technology, Germany. From 2012 to 2022 she was Professor of Software Engineering and Automotive Informatics at the TU Braunschweig, Germany. For her PhD from TU Kaiserslautern in 2008, she worked on the model-based verification of adaptive automotive systems. Today, her research focus is the integration of formal methods into software development through correctness-by-construction engineering, as well as the quality assurance and analysis of variant-rich evolving software systems, especially in the automotive domain.&nbsp;Ina&nbsp;Schaefer is co-chair of the Expert Group &#8220;Transformation of the Automotive Industry&#8221; at the German Federal Ministry for Economics and Climate Action (BMWK) as well as Head of the Mobility Laboratory of the KASTEL Security Research Labs at KIT.<\/p>\n\n\n\n<p><strong>Talk title:  Combinatorial Scenario Generation for Scenario-based Testing of Autonomous Driving Functions<br>Abstract:<\/strong> The SOTIF standard (ISO 21449) establishes scenario-based testing as state-of-the-art to verify and validate Advanced Driver Assistance Systems (ADAS) and Automated Driving Systems (ADS) in the automotive context. According to SOTIF, scenarios need to cover the space of possible scenarios and simultaneously be hazardous as in triggering hazardous behaviours of the system under test.&nbsp;However, SOTIF does not specify concrete techniques to practically generate scenarios for scenario-based testing.&nbsp;In this keynote, we focus on a concept for generating scenario suites that comply with both requirements of the SOTIF-standard. The key enabler to generate scenarios that cover a scenario space are variability modeling techniques that we adapt from software product line engineering. We model an overall scenario space by feature models and use sampling strategies to systematically select a representative subset (i.e., a scenario suite). Combined with parameter sampling, generated scenarios become hazardous and, thus, comply with the first and second requirement of the SOTIF-standard. We assess generated scenarios suites with mutation testing.<\/p>\n\n\n\n<div class=\"wp-block-image\"><figure class=\"alignleft size-large is-resized\"><img loading=\"lazy\" src=\"https:\/\/remaro.eu\/wp-content\/uploads\/2024\/01\/edit-mousavi.jpg\" alt=\"\" class=\"wp-image-2118\" width=\"145\" height=\"151\"\/><\/figure><\/div>\n\n\n\n<p class=\"has-text-align-left\"><strong>Mohammad Mousavi<\/strong> is a professor of Software Engineering at King&#8217;s College London. Mohammad obtained his PhD from Eindhoven University of Technology, The Netherlands. Prior to joining King&#8217;s in 2021, he held positions at Reykjavik University, Eindhoven University of Technology, Delft University of Technology, Halmstad University, Chalmers University of Technology, and the University of Leicester. His research interests include&nbsp; Software Testing,&nbsp; Autonomous and Cyber-Physical Systems, Quantum Software Engineering and&nbsp; Software Product Lines.<\/p>\n\n\n\n<p><strong>Talk title: Doping Detection in Autonomous Systems<br>Abstract:<\/strong> The talk will start with a broad overview of our research philosophy on trust in autonomous systems. We will review some of the ongoing projects at our group in this context. Subsequently, we present a novel notion of doping cleanness for cyber-physical systems. This notion allows for perturbing the inputs and observing the perturbed outputs both in the time- and value-domains. We instantiate our definition using existing techniques for conformance testing and runtime monitoring for cyber-physical systems. We show that our generalised definitions are essential in a data-driven method for doping detection and apply our definitions to a case study concerning diesel emission tests. We report on the doping detection results on the NOx emission of a particular diesel vehicle.<br>The talk is based on joint work with the following people: &nbsp;Sebastian Biewer (Saarland University), Rayna Dimitrova (CISPA Saarbr\u00fccken), Michael Fris (Automotive Powertrain HTW Saar), Maciej Gazda (University of Sheffield), Thomas Heinze (Automotive Powertrain HTW Saar), and Holger Hermanns (Saarland University).<\/p>\n\n\n\n<div class=\"wp-block-image\"><figure class=\"alignleft size-large is-resized\"><img loading=\"lazy\" src=\"https:\/\/remaro.eu\/wp-content\/uploads\/2024\/01\/Nico-Hochgeschwender-001-cropped-1.jpg\" alt=\"\" class=\"wp-image-2113\" width=\"160\" height=\"125\"\/><\/figure><\/div>\n\n\n\n<p><strong>Nico&nbsp;Hochgeschwender<\/strong> is Full Professor for Software Engineering for<br>Cognitive Robots and Systems at University of Bremen. His research interests lie at the intersection of AI-enabled Robotics and Software<br>Engineering with a focus on assuring dependability, transparency and explainability of robotics and autonomous systems, benchmarking and performance evaluation, and domain-specific modelling and languages for robotics. He holds a PhD degree from the University of Luxembourg, he is Co-Chair of the IEEE RAS Technical Committee on Software Engineering for Robotics and Automation, and he is currently PI of three EU-funded research projects, namely SESAME (Safe and Secure Multi-Robot Systems), METRICS (Metrological evaluation and testing of robots in international competitions), and SOPRANO (Socially-Acceptable and Trustworthy Human-Robot Teaming for Agile Industries).<\/p>\n\n\n\n<p><strong>Talk title: Scenario-Based Engineering of Reliable Cognitive Robots<br>Abstract:<\/strong> The wider adoption of cognitive robots capable of physically interacting with their environment, collaborating with humans and other agents, and performing a variety of tasks autonomously in open-ended environments depends on the perceived trust of various stakeholders (e.g., engineers, users, and regulators) in the dependable and ethical nature of the systems. However, developers face unprecedented engineering challenges caused by the intrinsic characteristics of cognitive robots, such as their enormous design space, challenging and uncertain operating conditions, and the demand to recover and learn quickly from failures. The construction and responsible deployment of cognitive robots remains a key challenge, calling for novel concepts, methods, and tools that consider the complete life cycle of cognitive robots in both real and virtual worlds. In this talk, I present my group\u2019s contributions to automating the engineering of robot software systems by combining foundational and applied research, often in collaboration with the industry. I introduce the concept of scenarios as a way to enable developers to capture and express knowledge and assumptions regarding robot tasks, platforms, and environments explicitly and formally in the form of domain models. Previously, these models were considered as a way to support humans during the software design process, and I will show how scenarios can be exploited for various testing activities (e.g., simulation-based testing, standard conformance test, and adversarial testing), as well as for synthesizing control architectures. It is argued that scenarios should be used throughout the complete lifecycle of autonomous robots to ensure their safety, robustness, and transparency. I also present preliminary findings on how scenarios can be exploited by robots themselves for the sake of autonomously adapting their software to the various and changing runtime requirements induced by the robot\u2019s task or environment.<\/p>\n\n\n\n<p><strong><span style=\"color:#ff5a1a\" class=\"has-inline-color\">Organizers<\/span><\/strong>&nbsp;<\/p>\n\n\n\n<p><strong><span style=\"color:#070156\" class=\"has-inline-color\">Erika Abraham<\/span><\/strong>, RWTH Aachen, Germany, <span style=\"color:#070156\" class=\"has-inline-color\">abraham@informatik.rwth-aachen.de<\/span>&nbsp;<br><strong><span style=\"color:#070156\" class=\"has-inline-color\">Einar Broch Johnsen<\/span><\/strong>, <em>University of Oslo<\/em>, Norway, <span style=\"color:#070156\" class=\"has-inline-color\">einarj@ifi.uio.no<\/span>&nbsp;<br><strong><span style=\"color:#070156\" class=\"has-inline-color\">Manuel Mazo Espinosa<\/span><\/strong>, <em>TU Delft<\/em>, Netherlands, <span style=\"color:#070156\" class=\"has-inline-color\">m.mazo@tudelft.nl<\/span> &nbsp;<br><strong><span style=\"color:#070156\" class=\"has-inline-color\">Silvia Lizeth Tapia Tarifa<\/span><\/strong>, <em>University of Oslo<\/em>, <span style=\"color:#070156\" class=\"has-inline-color\">Norway, sltarifa@ifi.uio.no<\/span> &nbsp;<br><strong><span style=\"color:#070156\" class=\"has-inline-color\">Mahsa Varshosaz<\/span><\/strong>, <em>IT University of Copenhagen<\/em>, Denmark, <span style=\"color:#070156\" class=\"has-inline-color\">mahv@itu.dk<\/span>&nbsp;<br><strong><span style=\"color:#070156\" class=\"has-inline-color\">Andrzej W\u0105sowski<\/span><\/strong>, <em>IT University of Copenhagen<\/em>, Denmark, <span style=\"color:#070156\" class=\"has-inline-color\">wasowski@itu.dk<\/span><\/p>\n\n\n\n<p><\/p>\n\n\n\n<p><strong><span style=\"color:#ff5a1a\" class=\"has-inline-color\">Sponsorship<\/span><\/strong><\/p>\n\n\n\n<div class=\"wp-block-columns\">\n<div class=\"wp-block-column\" style=\"flex-basis:66.66%\">\n<p>This workshop is sponsored by the REMARO project, which has received funding from the European Union&#8217;s EU Framework Programme for Research and Innovation Horizon 2020 under Grant Agreement No 956200<\/p>\n<\/div>\n\n\n\n<div class=\"wp-block-column\" style=\"flex-basis:33.33%\">\n<figure class=\"wp-block-gallery columns-1 is-cropped\"><ul class=\"blocks-gallery-grid\"><li class=\"blocks-gallery-item\"><figure><img loading=\"lazy\" width=\"120\" height=\"80\" src=\"https:\/\/remaro.eu\/wp-content\/uploads\/2020\/09\/flag_yellow_low.jpg\" alt=\"\" data-id=\"1119\" data-full-url=\"https:\/\/remaro.eu\/wp-content\/uploads\/2020\/09\/flag_yellow_low.jpg\" data-link=\"https:\/\/remaro.eu\/flag_yellow_low\/\" class=\"wp-image-1119\"\/><\/figure><\/li><\/ul><\/figure>\n<\/div>\n<\/div>\n","protected":false},"excerpt":{"rendered":"<p>at ETAPS 2024 (https:\/\/etaps.org\/), 6-11 April, 2023 (one day). Luxembourg City, Luxembourg&nbsp; The goal of this workshop is to discuss challenges in the development of autonomous systems in open environments (robotics systems), for example in underwater or service robots.&nbsp; Autonomy is understood broadly and refers to:&nbsp; Mission Planning and decision-makingNavigation, path planning, control&nbsp;Adaptive control, deep &#8230;<\/p>\n","protected":false},"author":4,"featured_media":0,"parent":0,"menu_order":0,"comment_status":"closed","ping_status":"closed","template":"","meta":[],"_links":{"self":[{"href":"https:\/\/remaro.eu\/index.php\/wp-json\/wp\/v2\/pages\/2063"}],"collection":[{"href":"https:\/\/remaro.eu\/index.php\/wp-json\/wp\/v2\/pages"}],"about":[{"href":"https:\/\/remaro.eu\/index.php\/wp-json\/wp\/v2\/types\/page"}],"author":[{"embeddable":true,"href":"https:\/\/remaro.eu\/index.php\/wp-json\/wp\/v2\/users\/4"}],"replies":[{"embeddable":true,"href":"https:\/\/remaro.eu\/index.php\/wp-json\/wp\/v2\/comments?post=2063"}],"version-history":[{"count":39,"href":"https:\/\/remaro.eu\/index.php\/wp-json\/wp\/v2\/pages\/2063\/revisions"}],"predecessor-version":[{"id":2161,"href":"https:\/\/remaro.eu\/index.php\/wp-json\/wp\/v2\/pages\/2063\/revisions\/2161"}],"wp:attachment":[{"href":"https:\/\/remaro.eu\/index.php\/wp-json\/wp\/v2\/media?parent=2063"}],"curies":[{"name":"wp","href":"https:\/\/api.w.org\/{rel}","templated":true}]}}